{"id":480,"date":"2025-03-09T22:23:04","date_gmt":"2025-03-09T21:23:04","guid":{"rendered":"https:\/\/vktzunami.cz\/?page_id=480"},"modified":"2025-03-13T22:22:01","modified_gmt":"2025-03-13T21:22:01","slug":"akce-na-miru","status":"publish","type":"page","link":"https:\/\/vktzunami.cz\/?page_id=480","title":{"rendered":"Akce na m\u00edru"},"content":{"rendered":"\n<div class=\"wp-block-cover alignfull\" style=\"padding-top:0%;min-height:60rem;aspect-ratio:unset;\"><span aria-hidden=\"true\" class=\"wp-block-cover__background has-background-dim-60 has-background-dim\" style=\"background-color:#82715d\"><\/span><img loading=\"lazy\" decoding=\"async\" width=\"1155\" height=\"1155\" class=\"wp-block-cover__image-background wp-image-331\" alt=\"Teambuilding\" src=\"https:\/\/vktzunami.cz\/wp-content\/uploads\/2024\/10\/about1.jpg\" data-object-fit=\"cover\"\/><div class=\"wp-block-cover__inner-container has-global-padding is-layout-constrained wp-container-core-cover-is-layout-1 wp-block-cover-is-layout-constrained\">\n<h5 class=\"wp-block-heading has-text-align-center has-text-color\" style=\"color:#fefefe;padding-left:0px;font-size:clamp(37.821px, 2.364rem + ((1vw - 3.2px) * 3.657), 70px);font-style:normal;font-weight:700;line-height:1\">Sportovn\u00ed akce na m\u00edru<\/h5>\n<\/div><\/div>\n\n\n\n<div class=\"wp-block-cover alignfull is-light has-custom-color-2-color has-text-color\" style=\"margin-top:0px;margin-bottom:0px;padding-top:100px;padding-right:20px;padding-bottom:100px;padding-left:20px;min-height:50px;aspect-ratio:unset;\"><span aria-hidden=\"true\" class=\"wp-block-cover__background has-white-background-color has-background-dim-0 has-background-dim\"><\/span><div class=\"wp-block-cover__inner-container has-global-padding is-layout-constrained wp-container-core-cover-is-layout-2 wp-block-cover-is-layout-constrained\">\n<p class=\"has-text-align-center has-text-color\" style=\"color:#536942;font-size:clamp(15.747px, 0.984rem + ((1vw - 3.2px) * 0.938), 24px);\"><br>Hled\u00e1te origin\u00e1ln\u00ed\u00a0<strong>teambuilding<\/strong>\u00a0nebo chcete za\u017e\u00edt skv\u011bl\u00fd den s partou p\u0159\u00e1tel \u010di rodinou? P\u0159iprav\u00edme v\u00e1m akci p\u0159esn\u011b na m\u00edru! Nab\u00edz\u00edme vod\u00e1ck\u00e9 z\u00e1\u017eitky pro firmy, studenty, \u0161koly nebo jak\u00e9koliv skupiny, kter\u00e9 cht\u011bj\u00ed na vod\u011b za\u017e\u00edt n\u011bco netradi\u010dn\u00edho. K dispozici m\u00e1me vybaven\u00ed od lod\u00ed po vesty a p\u00e1dla, a p\u0159iprav\u00edme v\u00e1m cenovou nab\u00eddku podle po\u010dtu \u00fa\u010dastn\u00edk\u016f a d\u00e9lky programu. Pro v\u00edce informac\u00ed n\u00e1s kontaktujte e-mailem.<\/p>\n\n\n\n<div class=\"wp-block-buttons is-content-justification-center is-layout-flex wp-container-core-buttons-is-layout-1 wp-block-buttons-is-layout-flex\">\n<div class=\"wp-block-button has-custom-font-size\" style=\"font-size:clamp(14px, 0.875rem + ((1vw - 3.2px) * 0.568), 19px);font-style:normal;font-weight:700\"><a class=\"wp-block-button__link has-text-color has-background wp-element-button\" href=\"https:\/\/vktzunami.cz\/?page_id=18\" style=\"border-radius:50px;color:#ffffff;background-color:#6cd8af;padding-top:20px;padding-right:48px;padding-bottom:20px;padding-left:48px\">Chci akci na m\u00edru<\/a><\/div>\n<\/div>\n<\/div><\/div>\n","protected":false},"excerpt":{"rendered":"","protected":false},"author":1,"featured_media":0,"parent":0,"menu_order":0,"comment_status":"closed","ping_status":"closed","template":"","meta":{"footnotes":""},"class_list":["post-480","page","type-page","status-publish","hentry"],"yoast_head":"<!-- This site is optimized with the Yoast SEO plugin v25.1 - https:\/\/yoast.com\/wordpress\/plugins\/seo\/ -->\n<title>Akce na m\u00edru - VK Tzunami Ostrava<\/title>\n<meta name=\"robots\" content=\"index, follow, max-snippet:-1, max-image-preview:large, max-video-preview:-1\" \/>\n<link rel=\"canonical\" href=\"https:\/\/vktzunami.cz\/?page_id=480\" \/>\n<meta property=\"og:locale\" content=\"cs_CZ\" \/>\n<meta property=\"og:type\" content=\"article\" \/>\n<meta property=\"og:title\" content=\"Akce na m\u00edru - VK Tzunami Ostrava\" \/>\n<meta property=\"og:url\" content=\"https:\/\/vktzunami.cz\/?page_id=480\" \/>\n<meta property=\"og:site_name\" content=\"VK Tzunami Ostrava\" \/>\n<meta property=\"article:publisher\" content=\"https:\/\/www.facebook.com\/www.vktzunami.cz\" \/>\n<meta property=\"article:modified_time\" content=\"2025-03-13T21:22:01+00:00\" \/>\n<meta property=\"og:image\" content=\"https:\/\/vktzunami.cz\/wp-content\/uploads\/2024\/10\/about1.jpg\" \/>\n\t<meta property=\"og:image:width\" content=\"1155\" \/>\n\t<meta property=\"og:image:height\" content=\"1155\" \/>\n\t<meta property=\"og:image:type\" content=\"image\/jpeg\" \/>\n<meta name=\"twitter:card\" content=\"summary_large_image\" \/>\n<meta name=\"twitter:label1\" content=\"Odhadovan\u00e1 doba \u010dten\u00ed\" \/>\n\t<meta name=\"twitter:data1\" content=\"1 minuta\" \/>\n<script type=\"application\/ld+json\" class=\"yoast-schema-graph\">{\"@context\":\"https:\/\/schema.org\",\"@graph\":[{\"@type\":\"WebPage\",\"@id\":\"https:\/\/vktzunami.cz\/?page_id=480\",\"url\":\"https:\/\/vktzunami.cz\/?page_id=480\",\"name\":\"Akce na m\u00edru - VK Tzunami Ostrava\",\"isPartOf\":{\"@id\":\"https:\/\/vktzunami.cz\/#website\"},\"primaryImageOfPage\":{\"@id\":\"https:\/\/vktzunami.cz\/?page_id=480#primaryimage\"},\"image\":{\"@id\":\"https:\/\/vktzunami.cz\/?page_id=480#primaryimage\"},\"thumbnailUrl\":\"https:\/\/vktzunami.cz\/wp-content\/uploads\/2024\/10\/about1.jpg\",\"datePublished\":\"2025-03-09T21:23:04+00:00\",\"dateModified\":\"2025-03-13T21:22:01+00:00\",\"breadcrumb\":{\"@id\":\"https:\/\/vktzunami.cz\/?page_id=480#breadcrumb\"},\"inLanguage\":\"cs\",\"potentialAction\":[{\"@type\":\"ReadAction\",\"target\":[\"https:\/\/vktzunami.cz\/?page_id=480\"]}]},{\"@type\":\"ImageObject\",\"inLanguage\":\"cs\",\"@id\":\"https:\/\/vktzunami.cz\/?page_id=480#primaryimage\",\"url\":\"https:\/\/vktzunami.cz\/wp-content\/uploads\/2024\/10\/about1.jpg\",\"contentUrl\":\"https:\/\/vktzunami.cz\/wp-content\/uploads\/2024\/10\/about1.jpg\",\"width\":1155,\"height\":1155,\"caption\":\"Teambuilding\"},{\"@type\":\"BreadcrumbList\",\"@id\":\"https:\/\/vktzunami.cz\/?page_id=480#breadcrumb\",\"itemListElement\":[{\"@type\":\"ListItem\",\"position\":1,\"name\":\"Dom\u016f\",\"item\":\"https:\/\/vktzunami.cz\/\"},{\"@type\":\"ListItem\",\"position\":2,\"name\":\"Akce na m\u00edru\"}]},{\"@type\":\"WebSite\",\"@id\":\"https:\/\/vktzunami.cz\/#website\",\"url\":\"https:\/\/vktzunami.cz\/\",\"name\":\"VK Tzunami Ostrava\",\"description\":\"Vodn\u00ed slalom v Ostrav\u011b\",\"publisher\":{\"@id\":\"https:\/\/vktzunami.cz\/#organization\"},\"potentialAction\":[{\"@type\":\"SearchAction\",\"target\":{\"@type\":\"EntryPoint\",\"urlTemplate\":\"https:\/\/vktzunami.cz\/?s={search_term_string}\"},\"query-input\":{\"@type\":\"PropertyValueSpecification\",\"valueRequired\":true,\"valueName\":\"search_term_string\"}}],\"inLanguage\":\"cs\"},{\"@type\":\"Organization\",\"@id\":\"https:\/\/vktzunami.cz\/#organization\",\"name\":\"VK Tzunami Ostrava\",\"url\":\"https:\/\/vktzunami.cz\/\",\"logo\":{\"@type\":\"ImageObject\",\"inLanguage\":\"cs\",\"@id\":\"https:\/\/vktzunami.cz\/#\/schema\/logo\/image\/\",\"url\":\"https:\/\/vktzunami.cz\/wp-content\/uploads\/2024\/08\/LOGO_Tzunami.png\",\"contentUrl\":\"https:\/\/vktzunami.cz\/wp-content\/uploads\/2024\/08\/LOGO_Tzunami.png\",\"width\":4023,\"height\":2314,\"caption\":\"VK Tzunami Ostrava\"},\"image\":{\"@id\":\"https:\/\/vktzunami.cz\/#\/schema\/logo\/image\/\"},\"sameAs\":[\"https:\/\/www.facebook.com\/www.vktzunami.cz\"]}]}<\/script>\n<!-- \/ Yoast SEO plugin. -->","yoast_head_json":{"title":"Akce na m\u00edru - VK Tzunami Ostrava","robots":{"index":"index","follow":"follow","max-snippet":"max-snippet:-1","max-image-preview":"max-image-preview:large","max-video-preview":"max-video-preview:-1"},"canonical":"https:\/\/vktzunami.cz\/?page_id=480","og_locale":"cs_CZ","og_type":"article","og_title":"Akce na m\u00edru - VK Tzunami Ostrava","og_url":"https:\/\/vktzunami.cz\/?page_id=480","og_site_name":"VK Tzunami Ostrava","article_publisher":"https:\/\/www.facebook.com\/www.vktzunami.cz","article_modified_time":"2025-03-13T21:22:01+00:00","og_image":[{"width":1155,"height":1155,"url":"https:\/\/vktzunami.cz\/wp-content\/uploads\/2024\/10\/about1.jpg","type":"image\/jpeg"}],"twitter_card":"summary_large_image","twitter_misc":{"Odhadovan\u00e1 doba \u010dten\u00ed":"1 minuta"},"schema":{"@context":"https:\/\/schema.org","@graph":[{"@type":"WebPage","@id":"https:\/\/vktzunami.cz\/?page_id=480","url":"https:\/\/vktzunami.cz\/?page_id=480","name":"Akce na m\u00edru - VK Tzunami Ostrava","isPartOf":{"@id":"https:\/\/vktzunami.cz\/#website"},"primaryImageOfPage":{"@id":"https:\/\/vktzunami.cz\/?page_id=480#primaryimage"},"image":{"@id":"https:\/\/vktzunami.cz\/?page_id=480#primaryimage"},"thumbnailUrl":"https:\/\/vktzunami.cz\/wp-content\/uploads\/2024\/10\/about1.jpg","datePublished":"2025-03-09T21:23:04+00:00","dateModified":"2025-03-13T21:22:01+00:00","breadcrumb":{"@id":"https:\/\/vktzunami.cz\/?page_id=480#breadcrumb"},"inLanguage":"cs","potentialAction":[{"@type":"ReadAction","target":["https:\/\/vktzunami.cz\/?page_id=480"]}]},{"@type":"ImageObject","inLanguage":"cs","@id":"https:\/\/vktzunami.cz\/?page_id=480#primaryimage","url":"https:\/\/vktzunami.cz\/wp-content\/uploads\/2024\/10\/about1.jpg","contentUrl":"https:\/\/vktzunami.cz\/wp-content\/uploads\/2024\/10\/about1.jpg","width":1155,"height":1155,"caption":"Teambuilding"},{"@type":"BreadcrumbList","@id":"https:\/\/vktzunami.cz\/?page_id=480#breadcrumb","itemListElement":[{"@type":"ListItem","position":1,"name":"Dom\u016f","item":"https:\/\/vktzunami.cz\/"},{"@type":"ListItem","position":2,"name":"Akce na m\u00edru"}]},{"@type":"WebSite","@id":"https:\/\/vktzunami.cz\/#website","url":"https:\/\/vktzunami.cz\/","name":"VK Tzunami Ostrava","description":"Vodn\u00ed slalom v Ostrav\u011b","publisher":{"@id":"https:\/\/vktzunami.cz\/#organization"},"potentialAction":[{"@type":"SearchAction","target":{"@type":"EntryPoint","urlTemplate":"https:\/\/vktzunami.cz\/?s={search_term_string}"},"query-input":{"@type":"PropertyValueSpecification","valueRequired":true,"valueName":"search_term_string"}}],"inLanguage":"cs"},{"@type":"Organization","@id":"https:\/\/vktzunami.cz\/#organization","name":"VK Tzunami Ostrava","url":"https:\/\/vktzunami.cz\/","logo":{"@type":"ImageObject","inLanguage":"cs","@id":"https:\/\/vktzunami.cz\/#\/schema\/logo\/image\/","url":"https:\/\/vktzunami.cz\/wp-content\/uploads\/2024\/08\/LOGO_Tzunami.png","contentUrl":"https:\/\/vktzunami.cz\/wp-content\/uploads\/2024\/08\/LOGO_Tzunami.png","width":4023,"height":2314,"caption":"VK Tzunami Ostrava"},"image":{"@id":"https:\/\/vktzunami.cz\/#\/schema\/logo\/image\/"},"sameAs":["https:\/\/www.facebook.com\/www.vktzunami.cz"]}]}},"_links":{"self":[{"href":"https:\/\/vktzunami.cz\/index.php?rest_route=\/wp\/v2\/pages\/480","targetHints":{"allow":["GET"]}}],"collection":[{"href":"https:\/\/vktzunami.cz\/index.php?rest_route=\/wp\/v2\/pages"}],"about":[{"href":"https:\/\/vktzunami.cz\/index.php?rest_route=\/wp\/v2\/types\/page"}],"author":[{"embeddable":true,"href":"https:\/\/vktzunami.cz\/index.php?rest_route=\/wp\/v2\/users\/1"}],"replies":[{"embeddable":true,"href":"https:\/\/vktzunami.cz\/index.php?rest_route=%2Fwp%2Fv2%2Fcomments&post=480"}],"version-history":[{"count":9,"href":"https:\/\/vktzunami.cz\/index.php?rest_route=\/wp\/v2\/pages\/480\/revisions"}],"predecessor-version":[{"id":610,"href":"https:\/\/vktzunami.cz\/index.php?rest_route=\/wp\/v2\/pages\/480\/revisions\/610"}],"wp:attachment":[{"href":"https:\/\/vktzunami.cz\/index.php?rest_route=%2Fwp%2Fv2%2Fmedia&parent=480"}],"curies":[{"name":"wp","href":"https:\/\/api.w.org\/{rel}","templated":true}]}}